 + 2*n - 2. Give a(c).
-6
Let w(q) = 17*q**3 + q**2 + 2*q + 1. Suppose -5*j - 3*l - 20 = 0, -5*j - l - 3 = 7. Calculate w(j).
-17
Let a(u) be the second derivative of u**3/2 + u**2/2 - 28*u. Calculate a(2).
7
Let t(o) = -5*o - 1. Suppose -j + 0*u - 11 = -2*u, 0 = -j - 4*u + 13. Give t(j).
14
Suppose -29 + 9 = -k. Let m = k + -14. Let h(z) = 6*z - 5 - 4*z - m*z. Give h(-4).
11
Let f(l) = l**2 + 1. Let x(i) = 9*i**2 + 2*i + 4. Let d(b) = 3*f(b) - x(b). Determine d(-1).
-5
Let z = 7 - 4. Let k(x) = -4*x + 1. Give k(z).
-11
Suppose -4*d + 30 = -9*d. Let v(j) = j**2 + 7*j + 8. Let q be v(d). Let z(g) be the third derivative of g**5/60 - g**4/12 - g**3/6 - 6*g**2. Give z(q).
-1
Let u(q) = -3*q**2 + 2*q - 7. Let w(p) = -5*p**2 + 4*p - 5. Let c(k) = -k**2 + k - 1. Let s(x) = -4*c(x) + w(x). Let g(o) = -5*s(o) + u(o). Calculate g(-3).
10
Let s(l) = l**2 + 3*l - 5. Let f be (-6 - -4)*(-2 - -4). Give s(f).
-1
Let w(o) = 2*o + 7. Let s(y) = -y**2 + 7. Let t(i) = i**2 - 10*i + 11. Let f be t(8). Let b be s(f). Let q = b + 13. What is w(q)?
-3
Let d(j) be the first derivative of j**6/360 + j**5/30 + j**4/4 + 2*j**3/3 - 1. Let x(m) be the third derivative of d(m). What is x(-4)?
6
Let g(m) = -m**3 - 2*m**2 + 5*m + 7. Let r(a) = a**3 + 3*a**2 - 4*a - 6. Let c(b) = 2*g(b) + 3*r(b). Let k be (9/27)/(2/(-30)). Calculate c(k).
6
Suppose -5*h - 209 = -174. Let z(r) = r**3 + 8*r**2 + 8*r + 5. Calculate z(h).
-2
Suppose 0 = -r + 2 + 1. Suppose r*q - 3 - 3 = 0. Suppose -6*d = -q*d - 4. Let w(c) = 10*c**2 + 2*c - 1. Determine w(d).
11
Let d(s) = 1 + 3*s - 2*s - 5*s - 4*s**2 + 5*s. Calculate d(-1).
-4
Suppose -2*t + 0*t + 2 = 0. Suppose 0 = -k + t + 3. Suppose 33 = 3*q + 3*h, -2*h = -k*q + 2*q + 2. Let d(o) = o - 10. What is d(q)?
-4
Suppose 4*r - 2 - 10 = 0. Let t(k) = -3*k**2 - r*k**2 - 2 - 4*k + 0*k**2 + 4*k**2. Determine t(-2).
-2
Let k(p) = p**2 + p. Let x(c) = c**3 - 7*c**2 + 4*c - 6. Let v(b) = 2*k(b) + x(b). Suppose 0 = -j + 2 + 2. Calculate v(j).
2
Suppose -4*i = 4 + 4. Let l(b) be the second derivative of -b**5/20 - b**4/4 + b**2 - 19*b - 1. What is l(i)?
-2
Suppose d + 6 = 4*d. Let j(y) = y**2 - 2*y**2 + 1 + y + 3*y**2. What is j(d)?
11
Suppose l - 2*l = -3. Let h(u) = 7 + 0*u - l - u. Determine h(3).
1
Let o(a) be the first derivative of -a**5/60 + a**4/8 - a**3/6 + 2*a**2 + 3. Let f(v) be the second derivative of o(v). Determine f(3).
-1
Let s(l) = l**2 + 7*l - 5. Let p(k) = -k**2 - 7*k + 5. Let n(i) = 3*p(i) + 2*s(i). Calculate n(-7).
5
Let f(r) = -7*r - 38. Let s be f(-6). Let m(g) = 3*g - 2*g**2 + 3*g + 0*g**2. What is m(s)?
-8
Let x(b) = 4*b**2 + 4*b + 7. Let o(j) = 3*j**2 + 3*j + 6. Let g(c) = -3*o(c) + 2*x(c). Let y(i) = 4*i**2 + 3*i + 11. Let w(a) = -8*g(a) - 3*y(a). What is w(-1)?
-4
Let o(q) = q. Let k = 3 + -4. Let l be -2*(k - 0) + -5. What is o(l)?
-3
Let o be 4 + 0 + (4 - 2). Let v be -1 + 2 - (-5 + o). Let r(f) = v*f + 2*f + 4 - 3*f. What is r(5)?
-1
Let x(p) be the third derivative of -p**7/5040 + p**5/30 - 3*p**2. Let b(y) be the third derivative of x(y). Calculate b(0).
0
Let y(n) be the first derivative of n**2 - 9*n - 24. What is y(6)?
3
Let z(t) = -2*t - 5. Suppose -o + 0*x = -4*x + 20, 3*o - 4 = -4*x. Determine z(o).
3
Let r(h) = -3*h + 10 - 2*h + 4*h. Let v(k) = -4*k + 39. Let i be v(8). Calculate r(i).
3
Let k(l) = -4 + 1 + 2*l - l + 4. Give k(3).
4
Let h(b) = -2*b - 4*b**2 + b**3 + 2*b + b. Let w(m) = -m**3 - 4*m**2 - 3*m. Let n be w(-3). Suppose -5*u + a + 16 = 0, -3*a + 4 + n = -2*u. Determine h(u).
4
Let a(b) = b**2 + 6*b + 2. Let k be 50/(-4) - (-1)/(-2). Let y = 8 + k. Give a(y).
-3
Let a = 9 + -4. Suppose -k = v + k - 10, -v + a = k. Let m be (1 + v - 1)/1. Let j(y) = -y + 6. Determine j(m).
6
Let s(i) be the second derivative of i**6/360 + i**5/120 - 7*i**4/24 - i**3/3 + 2*i. Let l(t) be the second derivative of s(t). Determine l(0).
-7
Let i(n) = -n**3 - 3*n**2 + 3. Let c(a) be the second derivative of 0 + a - 1/2*a**2 - 1/3*a**3. Let o be c(1). What is i(o)?
3
Let a(r) = -6*r**3 + 5 - 2*r**3 - 7*r - 4*r**2 + 9*r**3. Determine a(5).
-5
Let a(f) = 8*f**2 - 7*f - 6. Let l = 9 - 4. Let n(m) = 7*m**2 - 6*m - 5. Let w(q) = l*a(q) - 6*n(q). What is w(2)?
-6
Let u(m) = 3*m**2 + 10*m - 1. Let w be u(-3). Let t(b) = -b - 5. What is t(w)?
-1
Let w(s) = 7*s**3 - s**2 - s. Let f be (-4)/10 - 15/25. Give w(f).
-7
Suppose 5*w - 6 - 4 = 0. Let c(f) = -4*f - 2*f**w + 4*f. What is c(-1)?
-2
Suppose 2*w + 1 = 7. Let z be w - 4/2 - 2. Let m(i) = 100*i**3 - 1 + 0 + 108*i**3 - 198*i**3. Give m(z).
-11
Suppose 12*a = 9*a + 18. Let q(n) = -4*n**3 - 11*n**2 - 2*n + 5. Let h(c) = 5*c**3 + 12*c**2 + 2*c - 5. Let u(b) = 5*h(b) + 6*q(b). What is u(a)?
-7
Suppose 0*h = 3*h. Suppose -2*p + 2*x + 8 = h, p + 3*x = -2*p - 6. Let f(y) be the third derivative of -13*y**4/24 + y**3/6 - y**2. What is f(p)?
-12
Let h(m) = -m**2 - 7*m - 4. Let r = 16 + -20. Calculate h(r).
8
Suppose 6*n = n + 15. Suppose s = -n*s. Let i(p) = s - 5*p + 4*p + 1. Give i(2).
-1
Let z be (-24)/(-60) + (-73)/(-5). Let x = z + -15. Let u(b) = -b**2 + b + 3. What is u(x)?
3
Let v = 24 - 27. Let f(p) = -p - 3. Let y be f(-4). Let s(d) = -d**3 - 2*d**2 + 0*d + 2*d - y + 0*d**2. Give s(v).
2
Let o(q) = -q - q + 2*q - 6*q. What is o(1)?
-6
Suppose 0*g + 4 = 2*g, 2*z - 5*g + 6 = 0. Suppose -3*w - z = -i + 1, -5*w = -5*i + 5. Let a(b) = b**2 + b - 1. Give a(i).
-1
Let q(m) = -m**3 - 5*m**2 - 6*m - 3. Suppose 3*c - 5*c - 5*o = -26, 2*c - o - 38 = 0. Suppose 3*f - 3 - c = 0. Let p = -11 + f. Determine q(p).
5
Let t(o) be the third derivative of o**5/20 + o**4/24 - o**3/6 + 6*o**2. Give t(-2).
9
Suppose 0 = -2*t - 0 + 4. Suppose i - t*i = 3. Let g(p) = p**2 + 3*p + 3. Determine g(i).
3
Let o(p) = -p**3 - 6*p**2 + 4*p - 5. Let y be o(-7). Let s = -18 + y. Let h(t) = 3*t + 2. Determine h(s).
-4
Let l be (-3 - -1) + (-3)/(-1). Let c(h) = 7*h**3 + h**2 - 1. Give c(l).
7
Let l(h) = -6*h**2 - 6*h + 1. Let n(z) = z**2 - 1. Let w(t) = -l(t) - 5*n(t). Let p = 18 - 22. Give w(p).
-4
Let k(c) = -c**2 - 5*c - 4. Suppose p + 3*p - 1 = 3*m, -5*p - 4*m + 40 = 0. Let s be (3/4)/((-1)/p). Calculate k(s).
2
Suppose 4*o = 4*r - 4, 3 = -o + 4. Let k(j) = j**r - 5*j + j - 1 + 4. Suppose 2*f + 12 = 4*m - f, -3 = -m - 4*f. Give k(m).
0
Suppose 18 = -3*h - t, 0 = -0*h + 5*h - 3*t + 30. Let q(v) be the second derivative of -v**3/6 + 7*v**2/2 + 8*v. What is q(h)?
13
Let x = 6 + 1. Let v = x + -10. Let c(m) = -2*m**2 - 5*m - 2. Give c(v).
-5
Suppose -3*r + 2*r = 0. Suppose -6*q + q = r. Let f(v) = 3*v**2 + 5 - v + 0*v**2 - 4*v**2. Calculate f(q).
5
Let i(a) = a**3 + 5*a**2 - 7*a - 1. Let y(z) = -2*z**2 - 4*z. Let p be y(-3). Determine i(p).
5
Let o(y) = y**2 - 3*y + 2. Let z be o(-4). Let p = -64 + z. Let w be 1/(-4) - p/8. Let h(u) = -3*u + 6. What is h(w)?
-6
Suppose -3*q + 13 = 4*j, 4*j + j = 5. Let f be 12*q/(-24)*-4. Let t(g) = -g. Let i(o) = 7*o - 1. Let x(s) = i(s) + 6*t(s). Calculate x(f).
5
Let h(b) = 4*b**4 - 8*b + 4. Let r(g) = -3*g**4 + 7*g - 4. Let k(u) = 6*h(u) + 7*r(u). Let y(m) be the first derivative of k(m). Calculate y(-1).
-11
Let x(p) be the third derivative of p**4/6 - p**3/3 + 18*p**2. What is x(-2)?
-10
Let m(x) = 4*x**3 - 6*x**2 - 4*x + 4. Let s(o) = -5*o**3 + 6*o**2 + 5*o - 4. Let g = -10 + 15. Let n(z) = g*s(z) + 6*m(z). What is n(-6)?
-2
Let w(v) = v**2 + 5*v + 6. Let m be w(-4). Let q(z) = -3*z + 3*z - 6 - z**3 - z**m. Let d(x) = -x**2 + 12*x - 11. Let u be d(11). Give q(u).
-6
Let u(d) = d**3 + 2*d**2 + 1. Suppose -5*x - 5*o = -40, 5*x - o - o = 5. Suppose n = -4*i - 19 + 4, 0 = 3*i + x*n + 18. What is u(i)?
-8
Let s(c) = c**3 - 9*c**2 + 9*c - 5. Let i be s(8). Let z(w) = -i + 4*w + 2 + 0*w - w. Determine z(3).
8
Let g(b) = b + 7. Let o(t) = -2*t - 15. Let j(p) = -9*g(p) - 4*o(p). Give j(-6).
3
Let a(x) = -x - 1. Suppose 2*l = l - 2. Let v = 2 - l. Calculate a(v).
-5
Let g(o) = -2*o - 4. Let t be g(-3). Suppose -t*i + 0 = -14. Let z(b) = 4 - i*b + 7 - 5 + b**2. Determine z(5).
-4
Let z be (-4)/10 - 10/(-25). Suppose -1 = -z*b - b. Let p(c) = 10*c**2 - c + 1. What is p(b)?
10
Let t(h) be the third derivative of -h**9/60480 - h**8/10080 - h**6/180 + h**5/12 - 4*h**2. Let m(j) be the third derivative of t(j). Determine m(-3).
5
Let c(h) = 2*h + 2. Let x(i) = -i - 3. Let u be x(-8). Suppose 5